/(-36))/5). Is ((-117)/(-12))/((-3)/s) a composite number?
True
Let o(m) = m**3 - 4*m**2 - 8*m + 7. Let w be o(6). Let k = 51 - w. Suppose 2*s - 18 = -0*s + 3*n, -n = -3*s + k. Is s prime?
False
Is (-4)/4 - (-447 + 1) a composite number?
True
Let d be 6/(-9) - 8/(-3). Suppose 5*j - 94 = -d*s, 2*j = 6*s - s - 177. Is s a composite number?
False
Suppose -2*u - l + 9 = -0*u, -4*u + 5*l - 3 = 0. Let w(a) = 5*a**3 - 7*a**2 + 4*a + 1. Is w(u) a composite number?
True
Let p be 8/12*-3 + 8. Is 506/p - (-4)/6 a composite number?
True
Is (-4)/(-6) - (-6872)/24 composite?
True
Let p(a) = -a**3 - 4*a**2 - 3*a - 1. Let s be p(-3). Is s/(-4) - (-492)/16 prime?
True
Suppose 1472 = 3*b + 551. Is b a composite number?
False
Suppose 514 = 4*l - 418. Is l prime?
True
Let l = -723 - -1276. Is l composite?
True
Suppose -103 = -s + 100. Is s a prime number?
False
Let a(w) = 250*w**2 + 2*w - 1. Is a(1) prime?
True
Let k = 3931 + -894. Is k prime?
True
Let a = 23 + 338. Suppose 3*j - 68 = a. Is j prime?
False
Is ((-15)/9 + 2)*1041 a prime number?
True
Suppose 3*h + s - 10 + 33 = 0, -36 = 4*h + 4*s. Let k = h - -11. Suppose -6*y + 4*y + 22 = k*d, 5*y = 3*d + 42. Is y a composite number?
True
Let m = 241 - 164. Suppose -3*y + 3 = -3. Let k = y + m. Is k a prime number?
True
Let i(y) = -1 - 3 + 1 + 4*y - 3*y. Let l be i(-4). Let t(j) = 2*j**2 - 7*j + 2. Is t(l) composite?
False
Let q = -127 + 418. Is q a prime number?
False
Let g be (-3)/(-6)*(4 - 2). Let s = g + -3. Is 20 + -2 + 5 + s composite?
True
Let k(o) = o**3 - 3*o**2 - 3*o - 4. Let u be k(4). Suppose -44 = -g - 3*w, -2*g + 0*g + w + 67 = u. Is g a prime number?
False
Let m = 883 + -490. Is m a composite number?
True
Let j be 2/4 - (-1102)/4. Let z = j + -25. Is z prime?
True
Let f = -192 + 275. Is f a composite number?
False
Suppose 2*k + 29 = 5*c, -2*c + 14 = -0*k - 2*k. Suppose 0*y + y = -5*q + 92, -5 = -c*q. Is y prime?
False
Suppose -6*c = 28 - 214. Is c a composite number?
False
Let h be (21/(-6) - -2)*-2. Suppose h*r = 327 + 282. Is r prime?
False
Let q(o) = o**3 - 3*o**2 + 6*o - 1. Let w(f) = -f**3 + 5*f**2 - 2*f. Let a be w(5). Let j be a/4*(-10)/5. Is q(j) composite?
False
Let f(b) = b**3 - 5*b**2 - 6*b - 7. Let p be f(6). Is (-4)/14 - 247/p composite?
True
Let f = -127 + 72. Is (-3 - 16)/(5/f) a prime number?
False
Suppose 2*r = 3*r. Let m be -3 - -1 - r - -1. Let y = m - -11. Is y composite?
True
Is (1 - -48) + (0 - -4) a composite number?
False
Let r = -12 - -175. Is r prime?
True
Let l(g) = -g**2 - g**3 + 0 + g - 3 + 4*g. Let c = -6 + 2. Is l(c) a prime number?
False
Let v be (3 + (-15)/6)*10. Suppose -v*a + 2 + 8 = 0. Suppose -a*o + 52 - 6 = 0. Is o a prime number?
True
Let a be 4*(-1 + 3 - 3). Is (-11 - a)/((-1)/2) a composite number?
True
Let q be (2/6)/((-7)/(-168)). Let t(o) be the first derivative of o**4/4 - 8*o**3/3 + 3*o**2 + o - 2. Is t(q) prime?
False
Let r(t) = t**2 + t + 5. Let n be r(0). Let u = n + 5. Is u a prime number?
False
Let u(x) = 1. Suppose 2 = -2*y + 8. Let b(d) = d + 90. Let g(i) = y*u(i) + b(i). Is g(0) prime?
False
Let s = 96 + -365. Let h = s + 456. Is h a composite number?
True
Suppose 2*g - 3*g + 21 = 0. Suppose g = s - 32. Is s composite?
False
Suppose 3*b = -c + 995, 0*c - 325 = -b + 3*c. Is b a prime number?
True
Let p = -17 + 15. Is 143 + p/(-6)*0 prime?
False
Let d be (-536)/8 - (-1 + 4). Let s = d - -289. Is s a prime number?
False
Suppose -4*g = -0*g. Suppose g*w + 4*w = 0. Is 1*-5*(w + -3) a composite number?
True
Let z be 64*3 - 0 - -3. Suppose 48 - z = -3*c. Is c composite?
True
Let o(q) = -q**3 + 11*q**2 - 4*q + 2. Let x be o(7). Suppose 3*m - 85 = x. Is m a prime number?
False
Suppose 4*c = 12, -c + 4 + 3 = 2*m. Suppose -m*o - 790 = -7*o. Is o prime?
False
Suppose 8*q - 2*q = 16314. Is q a prime number?
True
Let b(l) = 169*l**3 - 3*l**2 + 2*l + 5. Is b(3) a prime number?
True
Suppose -5 = -2*l + l, 4*c = 2*l + 6. Suppose -f - f - 3*s = -3, 2*s - 10 = -c*f. Suppose 1 - 13 = -f*o. Is o composite?
True
Suppose 2*m - 6 = -0*m. Is -19*3*m/(-9) a composite number?
False
Let f = -81 + 319. Suppose -3*p - f = -5*p. Is p a prime number?
False
Let c = 7 - 6. Is (c/(-2))/((-8)/3248) a prime number?
False
Let r(y) = 15*y + 3. Let b be r(11). Suppose -b = -2*d + 418. Is d a composite number?
False
Let k(f) = 1. Let d(l) = 7*l**2 - 5*l - 2. Let y(q) = -q**2. Let s(b) = -d(b) - 5*y(b). Let n(r) = -2*k(r) - s(r). Is n(5) prime?
False
Let u be 54/10 + 27/45. Suppose 0 = -u*d + 3*d + 318. Is d a prime number?
False
Let z = 42 - 375. Let q = z - -492. Is q a composite number?
True
Suppose -3*b - 3 = -4*b, 5*t + 3*b = 59. Let q = t + 25. Is q composite?
True
Let s(p) = 3*p + 2. Let y be s(2). Suppose 3*h - 9 - 7 = -j, -4*j - y = 0. Suppose c - z - 2 = -h*z, -2*z = 2. Is c composite?
False
Let p(y) = 29*y**2 + 10*y + 9. Is p(8) a prime number?
False
Let o(l) = l**2 - l - 2. Let i be o(3). Suppose -z - 4*r = -5*r - 56, i*z + 5*r - 269 = 0. Suppose 8 = -n + z. Is n composite?
False
Let o(v) = -96*v - 1. Is o(-9) a prime number?
True
Suppose t + 3*q - 44 = 0, 3*t - 4*q + 117 = 6*t. Is t prime?
False
Suppose -3*n + 126 = -6*n. Let r = -19 - n. Is r a prime number?
True
Let f be 25/(-4) - 11/(-44). Is -1 + 36 - f/(-3) composite?
True
Let p = -36 - -22. Let r = 36 + p. Is r composite?
True
Is (2 + -4)*1 + 237 prime?
False
Suppose 315 - 98 = 4*p + z, 3*z - 15 = 0. Is p prime?
True
Suppose -14*x + 3*x + 1969 = 0. Is x a prime number?
True
Is 32574/26 + (-8)/(-52) composite?
True
Let l(j) = j**3 + 5*j**2 - 3*j - 4. Let z be l(-5). Suppose 0 = -2*i - 3*i + 1155. Suppose 3*r - 3*t = i, 4*r + z = 3*t + 321. Is r a prime number?
True
Suppose -3*b + j + 2355 = -0*b, 4*b = 2*j + 3140. Is b prime?
False
Let v = -7 + 7. Suppose -498 = -2*i - v*i. Is i prime?
False
Let r(v) = 9*v**2 + 3. Let t be r(3). Let w = -31 + t. Is w composite?
False
Let a = 117 + 69. Let c = a + 15. Is c a composite number?
True
Suppose 13004 - 37474 = -10*y. Is y composite?
False
Let r(m) = -m**3 + 10*m**2 - 12*m + 5. Suppose -2*f = 3*f - 40. Is r(f) a composite number?
False
Suppose -4*r + 2843 - 167 = 0. Let x = r - 446. Is x prime?
True
Suppose r + 16 = 5*y, 2*r - 5*r - y + 16 = 0. Suppose -a = -r*a + 63. Is a a prime number?
False
Let x be 256/40 - (-4)/(-10). Suppose -4*q = -x*q + 382. Is q a composite number?
False
Let v = 698 - 475. Is v a prime number?
True
Suppose -14 = 3*y + x, -2*y - 2*y - 2*x - 16 = 0. Let h(s) = -26*s + 5. Let a be h(y). Let f = a + -94. Is f prime?
True
Let r(v) = -74*v**3 + 2*v**2. Let o be r(-2). Let f be 1/(o/597 - 1). Suppose -4*w - 66 + 192 = 3*t, 0 = 4*t - 5*w - f. Is t a composite number?
True
Let t = 5 + -7. Let n(d) = d**2 + d + 1. Let g be n(t). Suppose -3*b = 2*c + c - 21, -4*b + 42 = -g*c. Is b a composite number?
True
Let t(w) be the first derivative of -2*w**3 - 3*w**2/2 - 2*w + 1. Let k be t(3). Is k/(-9) - (-6)/(-27) a prime number?
True
Suppose 0 = t - 14. Let o = 409 - t. Suppose v + 4*v - o = 0. Is v prime?
True
Let g = -3 + 51. Suppose -28 = -4*v + g. Is v composite?
False
Let o(z) = -z**3 + 13*z**2 + z - 8. Let m be o(13). Suppose 0 = m*a - 2*u - 483, 3*a - 294 = -5*u + 2*u. Is a a composite number?
False
Let q(i) = i**3 + 5*i**2 - 9*i - 7. Suppose -3*y - 23 = -4*o + 3, -6 = 2*y + 3*o. Let a be q(y). Suppose k + a = 172. Is k composite?
True
Suppose 36 = 2*u - 70. Is u prime?
True
Suppose 2*g + 4*z - 7 = g, 0 = -5*g + 2*z - 9. Is g + 576/(-3)*-1 composite?
False
Let t = 422 + 1419. Is t prime?
False
Suppose 0 = n + 63 + 119. Let d = 309 + n. Is d a composite number?
False
Let f = 744 + -518. Suppose 2*a - 88 = -4*y, -4*a + f - 59 = 5*y. Is a prime?
False
Let p(d) = -3*d**3 + d**2. Let g be p(1). Is ((-2)/g - -28)*2 a composite number?
True
Let w(t) = t**3 + 10*t**2 + 9*t + 2. Let a be w(-9). Let j be (-1)/(-2)*-3*a. Let i = 18 + j. Is i prime?
False
Suppose 0 = n - 6*n. Suppose w + n = 14. Is w a prime number?
False
Suppose -a - s + 10 = a, 5 = a + 4*s. Let x(u) = 31*u - 6. Is x(a) a prime number?
True
Let d = 6 - 1. Let v = d - 5. Is -13*(v - (-1 - -3)) a composite number?
True
Let x(z) = 2*z**3 - 5*z**2 - 3*z - 5. Let q be x(-5). Let i = 95 - q. Suppose j + 3*j = i. Is j a prime number?
False
Let x = 520 - 341. Is x composite?
False
Let t be (-1)/(-3) - 22/(-6)